2880.
560
Calculate the highest common factor of 2704182 and 888.
222
Calculate the highest common factor of 2528 and 1193824.
32
Calculate the greatest common factor of 261 and 577828422.
261
Calculate the greatest common divisor of 351914557 and 761.
761
What is the greatest common factor of 105330 and 435?
15
What is the highest common divisor of 141969454 and 11?
11
Calculate the highest common divisor of 12655806 and 593.
593
Calculate the greatest common divisor of 2718 and 39870946.
302
Calculate the greatest common divisor of 234013 and 20774.
611
What is the highest common factor of 20 and 100099540?
20
What is the highest common divisor of 53276325 and 900?
75
Calculate the highest common divisor of 63772999 and 2623.
2623
What is the highest common divisor of 27570 and 191670?
30
What is the highest common factor of 169413865 and 10?
5
What is the greatest common factor of 496981 and 20829?
53
Calculate the greatest common factor of 6958341 and 1053.
117
Calculate the greatest common factor of 1776 and 4446734.
74
What is the highest common factor of 294759765 and 7738?
3869
Calculate the highest common divisor of 1250 and 112986875.
625
What is the greatest common divisor of 12319 and 1765300?
127
What is the highest common factor of 4774 and 2880458?
434
What is the highest common divisor of 148480 and 218428?
116
What is the greatest common divisor of 206739556 and 8?
4
Calculate the greatest common factor of 31028325 and 75.
75
Calculate the highest common divisor of 13050 and 118602.
18
Calculate the greatest common factor of 169549022 and 47.
47
Calculate the highest common divisor of 495330 and 741.
57
Calculate the greatest common factor of 10000645 and 48190.
305
What is the greatest common divisor of 40822956 and 36?
36
Calculate the greatest common factor of 8932 and 620774.
4466
Calculate the highest common factor of 343233 and 2211.
33
What is the highest common factor of 4 and 311567?
1
What is the highest common divisor of 29285936 and 2344?
2344
What is the highest common factor of 54897671 and 59?
59
Calculate the highest common factor of 1646367 and 48345.
879
Calculate the highest common factor of 36 and 277301736.
36
Calculate the greatest common factor of 4299 and 73378198.
1433
What is the highest common divisor of 2123029 and 67?
67
What is the greatest common factor of 4229849 and 6289?
331
Calculate the greatest common factor of 462 and 25537974.
462
What is the greatest common divisor of 28 and 98342692?
28
What is the greatest common factor of 1135664 and 240?
16
Calculate the highest common factor of 338 and 457765906.
338
What is the greatest common divisor of 79118 and 12109708?
4654
Calculate the greatest common divisor of 5622354 and 144.
18
Calculate the highest common divisor of 13786 and 18239.
61
Calculate the highest common divisor of 2280 and 626715.
285
Calculate the greatest common factor of 50615848 and 610.
122
What is the greatest common divisor of 145026390 and 290?
290
Calculate the greatest common factor of 12595641 and 31.
31
Calculate the highest common factor of 3621 and 1289229.
51
What is the greatest common factor of 54897 and 1071438?
1893
Calculate the highest common factor of 55996634 and 1930.
386
What is the greatest common divisor of 25536456 and 5544?
792
What is the greatest common divisor of 164866 and 15886?
26
What is the highest common factor of 9581592 and 3976?
568
What is the greatest common divisor of 942 and 948166332?
942
Calculate the highest common factor of 228752 and 741008.
464
What is the highest common factor of 25 and 859600200?
25
Calculate the highest common factor of 13 and 9103081.
13
Calculate the greatest common factor of 5926845 and 8145.
2715
What is the highest common divisor of 15136312 and 228?
76
What is the highest common factor of 314925 and 4042725?
1425
What is the highest common factor of 16981527 and 678?
339
What is the greatest common divisor of 3131 and 8686505?
101
What is the greatest common factor of 2020 and 13675440?
20
Calculate the greatest common factor of 84 and 34840356.
12
Calculate the greatest common factor of 2150 and 4319650.
50
What is the greatest common factor of 10222 and 2769086?
538
Calculate the highest common divisor of 3954 and 34994877.
1977
What is the highest common factor of 105168 and 37737?
21
Calculate the greatest common factor of 1505872 and 28.
4
Calculate the highest common divisor of 20000 and 710112.
32
Calculate the highest common factor of 775 and 8091.
31
What is the highest common factor of 11578 and 4184620?
1654
Calculate the greatest common factor of 4059534 and 96.
6
Calculate the highest common divisor of 18 and 16917246.
18
What is the highest common divisor of 7147206 and 946?
22
What is the highest common factor of 2060 and 4314876?
412
What is the highest common divisor of 6640 and 1115105?
415
Calculate the highest common factor of 2469950 and 61250.
350
What is the highest common factor of 8724 and 89160?
12
What is the highest common factor of 4865 and 181265?
35
Calculate the highest common factor of 48994574 and 55832.
1994
Calculate the greatest common factor of 33335 and 1265255.
295
What is the greatest common factor of 7469 and 659789053?
7469
Calculate the highest common factor of 292 and 164919556.
292
What is the greatest common divisor of 8545 and 9607998?
1709
Calculate the greatest common factor of 140232123 and 2638.
1319
What is the greatest common divisor of 7427471 and 1087?
1087
Calculate the greatest common divisor of 319040 and 16140.
20
What is the greatest common factor of 3368024 and 2024?
88
Calculate the greatest common factor of 550 and 3873595.
55
Calculate the highest common factor of 153252130 and 10.
10
What is the greatest common factor of 11268864 and 134?
134
What is the greatest common factor of 127917718 and 142?
142
Calculate the highest common divisor of 166128 and 160272.
48
Calculate the highest common factor of 1056341 and 4576.
143
What is the highest common divisor of 9728 and 31768?
152
What is the greatest common factor of 2077 and 246716445?
2077
What is the greatest common divisor of 318 and 78048542?
106
Calculate the greatest common divisor of 129352 and 176594.
46
What is the highest common factor of 1019216 and 33104?
16
Calculate the greatest common divisor of 4913055 and 28350.
2835
Calculate the highest common divisor of 26455012 and 4.
4
Calculate the highest common factor of 193666 and 165.
11
What is the greatest common divisor of 537870 and 870?
30
What is the highest common factor of 844 and 21365860?
844
What is the highest common factor of 488981723 and 769?
769
Calculate the highest common factor of 46221 and 545073.
93
What is the greatest common factor of 38532 and 2033?
19
Calculate the greatest common divisor of 7338023 and 4396.
1099
What is the highest common factor of 51214 and 21634?
58
What is the greatest common divisor of 148629 and 9984?
39
What is the greatest common factor of 87274986 and 5790?
1158
What is the highest common factor of 576 and 5143424?
64
What is the highest common divisor of 4007150 and 1110?
10
What is the highest common divisor of 5838150 and 70?
10
Calculate the greatest common divisor of 35 and 8713194.
7
Calculate the highest common factor of 686 and 122620624.
14
What is the greatest common divisor of 657 and 360109?
73
Calculate the greatest common factor of 9262 and 44561.
11
What is the highest common factor of 1939824 and 560880?
2736
Calculate the greatest common divisor of 2988 and 124500000.
996
Calculate the highest common factor of 125090108 and 1144.
572
Calculate the highest common factor of 795 and 6466053.
159
What is the greatest common factor of 35 and 2390521?
7
What is the greatest common factor of 1898658 and 64791?
2817
What is the greatest common divisor of 1773824 and 8000?
64
What is the greatest common factor of 232 and 37496971?
29
Calculate the highest common divisor of 705686 and 191429.
667
Calculate the highest common divisor of 30381920 and 320.
160
Calculate the highest common divisor of 18794 and 8.
2
What is the highest common factor of 1156588 and 1592?
796
Calculate the greatest common divisor of 111090 and 4746.
42
Calculate the greatest common fac